004 a multiple of 8?
False
Is 1583513 a multiple of 335?
False
Is 4998960 a multiple of 530?
True
Is 1286488 a multiple of 14?
True
Is 210 a factor of 494383?
False
Is 19 a factor of 58992?
False
Is 448979 a multiple of 69?
False
Is 148 a factor of 313464?
True
Is 297320 a multiple of 4?
True
Is 751010 a multiple of 65?
True
Is 11235077 a multiple of 157?
True
Is 3646819 a multiple of 2?
False
Is 357019 a multiple of 21?
False
Does 1085 divide 25403105?
True
Is 16 a factor of 284903?
False
Does 16 divide 5580464?
True
Is 551 a factor of 3872084?
False
Is 36617 a multiple of 7?
True
Is 123413 a multiple of 376?
False
Is 3211487 a multiple of 17?
True
Is 24 a factor of 4903032?
True
Is 932497 a multiple of 22?
False
Does 2 divide 114804?
True
Does 14 divide 173936?
True
Is 250581 a multiple of 101?
True
Is 305906 a multiple of 33?
False
Is 647 a factor of 11839413?
False
Does 674 divide 2137254?
True
Does 288 divide 95616?
True
Is 19804 a multiple of 2?
True
Is 298819 a multiple of 126?
False
Is 394 a factor of 6471844?
True
Is 4 a factor of 555233?
False
Is 177 a factor of 573834?
True
Is 11 a factor of 117454?
False
Is 64 a factor of 1370064?
False
Is 44136 a multiple of 55?
False
Does 791 divide 21941549?
True
Is 45 a factor of 374850?
True
Is 37 a factor of 2490995?
False
Does 5 divide 60066?
False
Is 86 a factor of 7873?
False
Does 667 divide 928464?
True
Is 155295 a multiple of 63?
True
Is 425650 a multiple of 25?
True
Does 189 divide 432073?
False
Is 189475 a multiple of 53?
True
Is 17 a factor of 645932?
True
Does 7 divide 72517?
False
Is 8 a factor of 783432?
True
Does 139 divide 11764126?
True
Is 19687742 a multiple of 8?
False
Is 23 a factor of 792546?
False
Is 54 a factor of 1513350?
True
Does 24 divide 6557680?
False
Does 208 divide 140779?
False
Is 1131 a factor of 7271199?
True
Is 225 a factor of 94950?
True
Does 9 divide 238968?
True
Is 111 a factor of 745165?
False
Is 5618025 a multiple of 1025?
True
Is 30 a factor of 10164780?
True
Is 830676 a multiple of 116?
True
Does 171 divide 33072?
False
Is 9379606 a multiple of 2204?
False
Is 117 a factor of 1864629?
True
Does 292 divide 8602672?
False
Does 174 divide 47733?
False
Does 48 divide 2715216?
True
Does 6 divide 577015?
False
Does 5 divide 1663160?
True
Is 239382 a multiple of 117?
True
Does 63 divide 2076102?
True
Is 190 a factor of 4760436?
False
Is 2240396 a multiple of 1402?
True
Is 84567 a multiple of 4?
False
Is 1234801 a multiple of 20?
False
Is 34 a factor of 10501206?
True
Is 135176 a multiple of 13?
False
Is 49778 a multiple of 8?
False
Does 339 divide 2804208?
True
Does 3 divide 756129?
True
Is 864741 a multiple of 3?
True
Is 15 a factor of 8667120?
True
Is 64 a factor of 85735?
False
Does 283 divide 2538793?
True
Does 6 divide 31590?
True
Is 5 a factor of 1452510?
True
Is 461 a factor of 727458?
True
Is 16 a factor of 813010?
False
Does 33 divide 4141480?
False
Does 101 divide 1185984?
False
Is 110118 a multiple of 59?
False
Is 874210 a multiple of 10?
True
Is 354 a factor of 1811360?
False
Is 31 a factor of 8435069?
True
Does 5 divide 29362?
False
Is 2318890 a multiple of 105?
False
Is 241 a factor of 878686?
True
Is 270 a factor of 2346300?
True
Is 3 a factor of 130740?
True
Does 62 divide 903821?
False
Does 209 divide 488108?
False
Is 4648989 a multiple of 939?
True
Is 31 a factor of 1571622?
False
Is 22 a factor of 52690?
True
Is 1090797 a multiple of 111?
True
Does 678 divide 2044170?
True
Is 63 a factor of 1082735?
False
Does 10 divide 5628020?
True
Does 25 divide 194152?
False
Does 94 divide 263675?
False
Is 215 a factor of 3118145?
True
Is 174820 a multiple of 5?
True
Does 519 divide 156219?
True
Does 13 divide 25415?
True
Is 417768 a multiple of 78?
True
Is 401 a factor of 1193996?
False
Does 46 divide 7920?
False
Is 247617 a multiple of 470?
False
Is 44 a factor of 594666?
False
Does 17 divide 2127776?
False
Is 385910 a multiple of 74?
True
Is 2874703 a multiple of 881?
True
Does 168 divide 2662680?
False
Is 461992 a multiple of 17?
True
Is 46 a factor of 29118?
True
Is 3037306 a multiple of 654?
False
Is 361200 a multiple of 210?
True
Does 24 divide 252347?
False
Is 663899 a multiple of 41?
False
Is 224 a factor of 174578?
False
Is 171 a factor of 4042443?
False
Does 312 divide 394680?
True
Is 18 a factor of 58158?
True
Is 278572 a multiple of 2?
True
Does 255 divide 86408?
False
Is 381029 a multiple of 47?
True
Is 127 a factor of 654012?
False
Is 73 a factor of 15772672?
True
Does 585 divide 1158591?
False
Does 18 divide 2102400?
True
Is 301000 a multiple of 86?
True
Is 15 a factor of 182381?
False
Does 256 divide 475648?
True
Is 3130032 a multiple of 122?
True
Is 655140 a multiple of 305?
True
Is 44 a factor of 42548?
True
Is 8684626 a multiple of 235?
False
Is 2934564 a multiple of 6?
True
Does 16 divide 168286?
False
Does 151 divide 10387592?
True
Is 1277952 a multiple of 832?
True
Is 724 a factor of 2034878?
False
Is 196 a factor of 24869852?
True
Is 258236 a multiple of 125?
False
Is 42276 a multiple of 39?
True
Is 15 a factor of 558928?
False
Is 1502412 a multiple of 26?
False
Does 156 divide 3303684?
False
Does 271 divide 16743074?
False
Does 183 divide 169824?
True
Is 621736 a multiple of 46?
True
Is 27 a factor of 72711?
True
Is 24 a factor of 118757?
False
Is 35 a factor of 2512615?
True
Is 23 a factor of 3523071?
True
Does 3 divide 12091?
False
Is 584 a factor of 138408?
True
Does 48 divide 4260837?
False
Is 23616 a multiple of 24?
True
Is 3863997 a multiple of 8?
False
Is 25 a factor of 446025?
True
Is 16 a factor of 232270?
False
Does 112 divide 94633?
False
Is 13167 a multiple of 21?
True
Does 12 divide 2078982?
False
Is 398 a factor of 641974?
True
Is 287976 a multiple of 6?
True
Is 307770 a multiple of 220?
False
Does 162 divide 1566216?
True
Is 69601 a multiple of 156?
False
Is 22 a factor of 57794?
True
Is 277380 a multiple of 30?
True
Is 17657853 a multiple of 17?
False
Does 6 divide 319164?
True
Is 49 a factor of 115659?
False
Does 7 divide 5576076?
False
Does 13 divide 377598?
True
Is 2971157 a multiple of 15?
False
Is 2167002 a multiple of 10?
False
Does 21 divide 536609?
False
Is 30 a factor of 83760?
True
Is 792 a factor of 1655158?
False
Is 50 a factor of 393906?
False
Does 785 divide 770085?
True
Is 735392 a multiple of 8?
True
Does 158 divide 152470?
True
Is 138 a factor of 520260?
True
Does 48 divide 7056?
True
Does 9 divide 534132?
True
Is 1386555 a multiple of 115?
True
Is 3061441 a multiple of 49?
False
Is 436276 a multiple of 7?
False
Is 224 a factor of 417383?
False
Is 164733 a multiple of 36?
False
Does 18 divide 126529?
False
Is 290 a factor of 4120320?
True
Is 102135 a multiple of 21?
False
Is 78463 a multiple of 11?
True
Is 131157 a multiple of 767?
True
Does 40 divide 4572726?
False
Does 41 divide 222301?
False
Is 18 a factor of 968958?
True
Does 68 divide 942102?
False
Is 107640 a multiple of 11?
False
Is 574 a factor of 188272?
True
Is 5303202 a multiple of 13?
False
Does 50 divide 28672?
False
Is 1064843 a multiple of 30?
False
Is 9724652 a multiple of 14?
True
Is 59 a factor of 511798?
False
Is 48 a factor of 2686128?
True
Is 158 a factor of 14547148?
False
Is 47 a factor of 1076723?
True
Is 30316 a multiple of 4?
True
Is 180 a factor of 379768?
False
Does 382 divide 481702?
True
Is 1870199 a multiple of 23?
True
Does 354 divide 413856?
False
Is 28 a factor of 3222268?
True
Is 57205 a multiple of 17?
True
Is 21 a factor of 276713?
False
Is 47 a factor of 18520?
False
Does 9 divide 1942954?
False
Does 1128 divide 73320?
True
Does 28 divide 17405624?
False
Is 2183670 a multiple of 570?
True
Is 1639122 a multiple of 47?
False
Does 9 divide 5072976?
True
Is 8615289 a multiple of 1232?
False
Does 24 divide 963944?
False
Is 11933727 a multiple of 13?
True
Is 343 a factor of 10479679?
True
Does 326 divide 597558?
True
Does 30 divide 32280?
True
Does 47 divide 241533?
True
Is 1841 a multiple of 2?
False
Is 28 a factor of 32786?
False
Is 29568 a multiple of 84?
True
Is 730 a factor of 550286?
False
Is 77484 a multiple of 10?
False
Does 3 divide 97534?
False
Does 8 divide 3371093?
False
Is 75 a factor of 32966?
False
Does 198 divide 3166002?
False
Does 26 divide 36010?
True
Is 13 a factor of 639483?
True
Is 554804 a 